**3 - 8*c**2 - 9*c + 2. Let q be a(k). Suppose -39 = q*l - 137. What is the tens digit of l?
4
Let d = 2616 - -914. What is the hundreds digit of d?
5
Let i = 2212 + 154. What is the hundreds digit of i?
3
Let l = -46 - -66. Suppose -2*i - 2*i + 132 = 0. Let a = i - l. What is the tens digit of a?
1
What is the units digit of (9 - -6)/(-5) + 225?
2
Suppose 1772 = q + 2*t, t = 3*q - 1268 - 4041. What is the hundreds digit of q?
7
Let t be (-10)/4*96/40. Suppose -2*a - 45 = 5*s, 27 = -3*s - a + 3*a. What is the units digit of s/t*(-110)/(-15)?
1
Suppose 0 = 16*b + 135 + 393. Let v be 2/(-4) - (-33)/(-2). Let k = v - b. What is the units digit of k?
6
Suppose 36*b - 11327 = 13. What is the tens digit of b?
1
Suppose -15*y = -24*y + 14067. What is the units digit of y?
3
Let k(t) = 10*t**3 + 7*t**2 + 2*t - 9. What is the hundreds digit of k(5)?
4
Let d be (1 - -1)*(0 + 19). Let n = d - 4. Suppose n = -0*w + 2*w. What is the tens digit of w?
1
Let y(u) = u**2 - 19*u + 4. Let d be y(25). Let f = d + -39. What is the hundreds digit of f?
1
Suppose 3*d = 3, 5*i - 2*d + 3*d = 11. Suppose i*z - 17 = 19. Suppose 0 = 4*r - z - 10. What is the units digit of r?
7
Let k(d) = 6*d**3 + 7*d**2 - 5*d - 4. What is the hundreds digit of k(4)?
4
Let s be 7920/(-64)*16/(-6). Suppose -s = -o - 4*o. What is the units digit of o?
6
Let y(p) = -15*p**2 + p - 1. Let d be y(2). Let b = d + 75. What is the tens digit of b?
1
Suppose -9*o - 501 + 1779 = 0. What is the hundreds digit of o?
1
Suppose 2*f - 4*f = 10, 4*f = -2*m - 16. Let o(g) = -8*g + 3*g**3 - 2*g**2 + 3*g**2 - m*g**2 + 7 + 3*g. What is the tens digit of o(3)?
6
Let u(m) = 4*m + 14. Let z be u(-3). Let o(r) = r**2 + 5. Let b be o(-7). Suppose -z*f - b = -4*f. What is the units digit of f?
7
Suppose -2380 = -6*x + 446. What is the units digit of x?
1
Let o be 6/(-14) - 270/(-42). What is the tens digit of (-215)/(-7) + 0 + o/21?
3
Let l(h) = 2*h**2 + 2*h - 21. Suppose -18 = -2*w - 0. What is the hundreds digit of l(w)?
1
Suppose 3*s - 13351 = q, -2062 = -2*s - 2*q + 6844. What is the units digit of s?
1
Let b(h) = 2*h**3 - 6*h**2 - 19*h - 3. What is the hundreds digit of b(7)?
2
Suppose -6*m + 2*m = -12. Suppose -m*c = -13 + 10. What is the units digit of (-8)/(-28)*(15 - c)?
4
Let j(w) = w**2 - 6*w - 3. Let u be j(3). Let g = 17 + u. Suppose 3*o + g*a + 0*a - 21 = 0, 2 = -2*o + 2*a. What is the units digit of o?
2
Suppose -2*v + 4*j + 18 = 0, -3*v - 3*j = -0*v. Suppose -q + 13 = 4*g - v*g, -2*q - 5*g + 11 = 0. What is the units digit of q?
8
Suppose -6*z + 6 = -66. Suppose 0 = -b + z + 64. What is the units digit of b?
6
Let x(q) = q**3 + 5*q**2 + 4*q + 8. Let b be x(6). Let j = b - 185. What is the tens digit of j?
4
Suppose 3*f = 9 - 9. Suppose f*b = -b + 60. What is the tens digit of b?
6
Let r(h) = -h**3 + h**2. Let g be r(-1). Let o be -66 - (g - (-6 - -4)). Let c = o - -123. What is the tens digit of c?
5
Suppose -m + 31 + 39 = 0. Let g be (36/(-14))/(10/m). What is the units digit of (-18)/(-81) + (-14)/g?
1
What is the hundreds digit of 2/4 + (-748251)/(-214)?
4
Suppose -16506 = -25*a - 6106. What is the hundreds digit of a?
4
Let n(m) = -m**2 + 81. Let o be n(0). What is the tens digit of o - 1/(1*1/(-2))?
8
Let s(w) = w**3 - w**2 + 10*w + 574. What is the hundreds digit of s(0)?
5
Suppose 3*w + 4734 = 5*r + 2*w, -2*r = -5*w - 1889. What is the hundreds digit of r?
9
Let m = 19 - 17. Let r be (17/(-2) + 3)*m. Let a = 3 - r. What is the tens digit of a?
1
Let g be (-15)/(-6)*(-8)/10. Let r(f) = f**2 + f. Let p be r(g). Let i(y) = 5*y**2 - y - 4. What is the units digit of i(p)?
4
Let x(c) = -51*c - 6. Let z be x(-6). Suppose -2*k - z = -4*k. What is the hundreds digit of k?
1
Suppose u - 3*x - x - 32 = 0, -4*u = -4*x - 68. Suppose -10*w = -u*w + 116. What is the units digit of w?
8
Let v(x) = -x**2 + 31*x - 97. What is the tens digit of v(26)?
3
Let h(p) be the third derivative of p**6/60 - 3*p**5/20 + p**4/24 - 2*p**3/3 - 23*p**2. What is the hundreds digit of h(7)?
2
Let y(a) = a**2 - 9*a - 14. Suppose 2*d - 5*m - 16 = -1, 3*d + 3*m = 33. Let l be y(d). What is the tens digit of 27/(-3)*l/2?
1
Suppose 28 = 5*p + 13. Let y be 0 - p/(12/40). What is the units digit of (-6)/y - (-609)/35?
8
What is the tens digit of (-2)/5 - 66861/(-115)?
8
Let w = -14 + 26. What is the units digit of 4/w*-1*-18?
6
Suppose -80*i + 65*i + 50775 = 0. What is the hundreds digit of i?
3
Let v(i) = -2*i**3 + 2*i**2 - 5*i + 1. Let u be -2 + -2 + 1 - 0. What is the units digit of v(u)?
8
Suppose 22*r = 17*r + 31160. What is the units digit of r?
2
Let q(c) = -c**2 - c + 6. Let n be q(-7). Let z = 76 + n. Suppose -3*j - z = -7*j. What is the units digit of j?
0
Suppose -3870 = -14*u + 5384. What is the hundreds digit of u?
6
Let u(t) = -t - 17. Suppose 1 = -3*m + f - 5*f, -27 = m - 4*f. Let i be u(m). What is the units digit of (12/i)/(9/(-420))?
6
Let g(k) = -k**3 + 6*k**2 + k - 10. Let l be g(6). Let q = 91 + l. What is the units digit of q?
7
Let w = -2452 + 4961. What is the units digit of w?
9
Suppose 6*l - 3*l = -m + 443, -4*l = -2*m - 584. Suppose x + l = 4*x. What is the tens digit of x?
4
Suppose -10*x = -3*x - 14. Suppose -4*f - 469 = -5*b, f - x*b + 3*b + 115 = 0. Let g = f - -163. What is the tens digit of g?
4
Suppose 16 = 7*z + 2. Let l be 704/121 - z/(-11). Suppose -7*i = -l*i - 19. What is the tens digit of i?
1
Let x be -1 - (-5)/((-5)/(-3)). Let o(p) = -p**3 + 0 - 10*p**x - 6*p + 1 - 3*p. What is the units digit of o(-9)?
1
Let q(j) = 72*j - 467. What is the units digit of q(21)?
5
Let f(g) = -g**2 + 1. Let s(p) = 8*p**2 + 5*p - 3. Let l(w) = 6*f(w) + s(w). What is the units digit of l(-4)?
5
Let y = -1570 + 2307. What is the hundreds digit of y?
7
Suppose v = 2*p - 1338, 4*p - 4*v - 2076 = 592. What is the hundreds digit of p?
6
Let h be (-2 + 4 + 4)*2/(-1). Let d = 49 - h. What is the units digit of d?
1
What is the thousands digit of (-3)/(-5) - (-156338)/70?
2
Let k be -1*(2/4)/((-3)/42). Suppose -275 - 173 = -k*x. What is the units digit of x?
4
Let n(a) = 6*a - 30. Let c(k) = 2*k**2 + 16*k - 10. Let l be c(-9). What is the tens digit of n(l)?
1
Let b be (5 - 161)/(-1 - 0). Suppose b = -0*g + 3*g. Suppose 4*x - g = -4*p, -4 = -p - 0*p - 4*x. What is the tens digit of p?
1
Suppose 0 = -2*i + 7*i - 20. Suppose -f - 162 = -i*f. What is the tens digit of f?
5
Let m(o) = 14*o**2 + o + 39. What is the units digit of m(6)?
9
Suppose 34*o = 32*o + 2128. What is the hundreds digit of o?
0
Suppose c = 5*q - 21, 4*c + q = -c + 25. Suppose 1 = -2*o + 9, -20 = -c*i + 5*o. What is the units digit of i?
0
Let w(c) = -c**3 + 8*c**2 - 8*c. Let x be (-4)/(-6)*(0 + 9). What is the units digit of w(x)?
4
Let q(p) = 6*p**2 - 21*p - 41. What is the units digit of q(-15)?
4
Let h(o) = 25*o + 22. Suppose 3*j = -2*j + 20. What is the units digit of h(j)?
2
Suppose -12*s = -2161 + 589. What is the tens digit of s?
3
Suppose -3*p = 2*p + 310. Let n = p - -140. What is the tens digit of n?
7
Let s(c) = -15*c**3 + 4*c**2 + 5*c + 3. What is the units digit of s(-5)?
3
Suppose -19*h = -20*h + 13. Suppose -3*x - 710 = -h*x. What is the units digit of x?
1
Let b be (-3)/(1 - 1 - 21/14). Suppose 4*w + w - 66 = o, -b*w = o - 32. What is the tens digit of w?
1
Suppose -15 = -2*w - 3*w. What is the units digit of ((-20)/(-8))/(w/6)?
5
Let a be (-15)/(-6) - -6*5/(-60). Suppose -a*j = -2*l - 164, l - 410 = -5*j + 3*l. What is the units digit of j?
2
Let o(r) be the first derivative of -r**2/2 - 24*r - 5. Let v be o(-6). Let k = v + 39. What is the tens digit of k?
2
Suppose 13 = w + 5*k, -3*w - 2*w + 4*k = -7. Suppose -3*h - w + 18 = 0. What is the units digit of (6/h)/((-33)/(-110))?
4
What is the units digit of 1*(-1)/(((-32)/(-3020))/(-8))?
5
Suppose 20 - 34 = -u. Suppose -5*n = -h - u, 28 = 2*n + 2*n - 5*h. Suppose -3*w = n*w - 185. What is the units digit of w?
7
Let y = -2401 - -4113. What is the tens digit of y?
1
Let s(a) be the third derivative of 13/24*a**4 + 3/20*a**5 - 8*a**2 + 0 - 1/120*a**6 + 0*a + 1/3*a**3. What is the units digit of s(10)?
2
Suppose 0 = -2*z + 21 + 1. Let o = z + -15. What is the units digit of o/(-22) - 6516/(-99)?
6
Suppose -3*g + o + 6 = -1, 5*o = 2*g - 9. Suppose -g*p + 0 + 4 = 0. What is the units di